f 2512?
2, 157
List the prime factors of 3865.
5, 773
What are the prime factors of 19208?
2, 7
What are the prime factors of 102285?
3, 5, 2273
What are the prime factors of 4522?
2, 7, 17, 19
What are the prime factors of 3066?
2, 3, 7, 73
List the prime factors of 440.
2, 5, 11
List the prime factors of 19379.
19379
List the prime factors of 5437.
5437
List the prime factors of 609.
3, 7, 29
What are the prime factors of 27145?
5, 61, 89
What are the prime factors of 2779?
7, 397
List the prime factors of 1769.
29, 61
What are the prime factors of 44572?
2, 11, 1013
List the prime factors of 1866.
2, 3, 311
What are the prime factors of 1362?
2, 3, 227
What are the prime factors of 521?
521
What are the prime factors of 51373?
7, 41, 179
List the prime factors of 173.
173
List the prime factors of 16553.
16553
List the prime factors of 3100.
2, 5, 31
What are the prime factors of 4960?
2, 5, 31
List the prime factors of 1224.
2, 3, 17
List the prime factors of 45829.
7, 6547
List the prime factors of 47120.
2, 5, 19, 31
What are the prime factors of 738?
2, 3, 41
What are the prime factors of 590?
2, 5, 59
List the prime factors of 16660.
2, 5, 7, 17
List the prime factors of 6.
2, 3
List the prime factors of 44210.
2, 5, 4421
List the prime factors of 1831.
1831
List the prime factors of 8377.
8377
List the prime factors of 69754.
2, 34877
List the prime factors of 699.
3, 233
What are the prime factors of 2106?
2, 3, 13
What are the prime factors of 956?
2, 239
What are the prime factors of 573?
3, 191
What are the prime factors of 30138?
2, 3, 5023
What are the prime factors of 11427?
3, 13, 293
List the prime factors of 756.
2, 3, 7
List the prime factors of 1015.
5, 7, 29
What are the prime factors of 212?
2, 53
What are the prime factors of 637?
7, 13
What are the prime factors of 3563?
7, 509
What are the prime factors of 11467?
11467
What are the prime factors of 40440?
2, 3, 5, 337
List the prime factors of 34846.
2, 7, 19, 131
List the prime factors of 27626.
2, 19, 727
What are the prime factors of 122329?
149, 821
List the prime factors of 8819.
8819
List the prime factors of 5106.
2, 3, 23, 37
What are the prime factors of 5050?
2, 5, 101
What are the prime factors of 30248?
2, 19, 199
List the prime factors of 763.
7, 109
List the prime factors of 20336.
2, 31, 41
What are the prime factors of 58766?
2, 29383
List the prime factors of 8622.
2, 3, 479
What are the prime factors of 2293?
2293
What are the prime factors of 107578?
2, 19, 149
List the prime factors of 366.
2, 3, 61
What are the prime factors of 37303?
7, 73
What are the prime factors of 51108?
2, 3, 4259
What are the prime factors of 1351?
7, 193
List the prime factors of 2151.
3, 239
What are the prime factors of 707?
7, 101
List the prime factors of 189492.
2, 3, 15791
List the prime factors of 22529.
13, 1733
List the prime factors of 12487.
12487
List the prime factors of 9125.
5, 73
List the prime factors of 28057.
28057
List the prime factors of 103917.
3, 11, 47, 67
List the prime factors of 5192.
2, 11, 59
List the prime factors of 3785.
5, 757
List the prime factors of 1468.
2, 367
What are the prime factors of 32063?
32063
What are the prime factors of 34?
2, 17
List the prime factors of 17298.
2, 3, 31
List the prime factors of 844.
2, 211
What are the prime factors of 117?
3, 13
List the prime factors of 5893.
71, 83
List the prime factors of 107112.
2, 3, 4463
What are the prime factors of 534?
2, 3, 89
What are the prime factors of 873?
3, 97
What are the prime factors of 146?
2, 73
List the prime factors of 3252.
2, 3, 271
List the prime factors of 8063.
11, 733
What are the prime factors of 112697?
13, 8669
List the prime factors of 56572.
2, 14143
List the prime factors of 2033.
19, 107
What are the prime factors of 21255?
3, 5, 13, 109
List the prime factors of 5994.
2, 3, 37
List the prime factors of 6785.
5, 23, 59
List the prime factors of 29.
29
What are the prime factors of 6208?
2, 97
What are the prime factors of 7397?
13, 569
What are the prime factors of 5600?
2, 5, 7
What are the prime factors of 13807?
13807
What are the prime factors of 271?
271
List the prime factors of 25756.
2, 47, 137
List the prime factors of 7.
7
List the prime factors of 66393.
3, 2459
List the prime factors of 2386.
2, 1193
List the prime factors of 16271.
53, 307
List the prime factors of 1863.
3, 23
List the prime factors of 1770.
2, 3, 5, 59
What are the prime factors of 20356?
2, 7, 727
List the prime factors of 2881.
43, 67
What are the prime factors of 4377?
3, 1459
List the prime factors of 6753.
3, 2251
What are the prime factors of 1891?
31, 61
List the prime factors of 35361.
3, 3929
What are the prime factors of 1094?
2, 547
What are the prime factors of 1133?
11, 103
List the prime factors of 29826.
2, 3, 1657
What are the prime factors of 1666?
2, 7, 17
What are the prime factors of 9523?
89, 107
What are the prime factors of 11314?
2, 5657
List the prime factors of 1209.
3, 13, 31
What are the prime factors of 4521?
3, 11, 137
What are the prime factors of 10658?
2, 73
List the prime factors of 69724.
2, 17431
What are the prime factors of 6335?
5, 7, 181
What are the prime factors of 19837?
83, 239
List the prime factors of 15939.
3, 7, 11, 23
What are the prime factors of 353?
353
List the prime factors of 54838.
2, 7, 3917
List the prime factors of 2128.
2, 7, 19
What are the prime factors of 17888?
2, 13, 43
List the prime factors of 10545.
3, 5, 19, 37
What are the prime factors of 21641?
17, 19, 67
What are the prime factors of 96632?
2, 47, 257
What are the prime factors of 1520?
2, 5, 19
What are the prime factors of 13756?
2, 19, 181
List the prime factors of 669.
3, 223
What are the prime factors of 1071?
3, 7, 17
List the prime factors of 30442.
2, 31, 491
List the prime factors of 27659.
17, 1627
List the prime factors of 7274.
2, 3637
What are the prime factors of 56464?
2, 3529
What are the prime factors of 38272?
2, 13, 23
What are the prime factors of 525?
3, 5, 7
What are the prime factors of 51683?
51683
List the prime factors of 64621.
64621
List the prime factors of 1729.
7, 13, 19
What are the prime factors of 4844?
2, 7, 173
List the prime factors of 6880.
2, 5, 43
List the prime factors of 6519.
3, 41, 53
List the prime factors of 2831.
19, 149
List the prime factors of 1277.
1277
What are the prime factors of 113112?
2, 3, 1571
List the prime factors of 22978.
2, 11489
List the prime factors of 19251.
3, 23, 31
List the prime factors of 16660.
2, 5, 7, 17
List the prime factors of 84433.
23, 3671
What are the prime factors of 752?
2, 47
What are the prime factors of 4783?
4783
List the prime factors of 11208.
2, 3, 467
List the prime factors of 3714.
2, 3, 619
List the prime factors of 31217.
19, 31, 53
List the prime factors of 2018.
2, 1009
List the prime factors of 8636.
2, 17, 127
What are the prime factors of 449?
449
What are the prime factors of 265?
5, 53
What are the prime factors of 1544?
2, 193
What are the prime factors of 4980?
2, 3, 5, 83
What are the prime factors of 2883?
3, 31
What are the prime factors of 477?
3, 53
List the prime factors of 152236.
2, 7, 5437
List the prime factors of 10887.
3, 19, 191
List the prime factors of 46770.
2, 3, 5, 1559
List the prime factors of 3824.
2, 239
List the prime factors of 1481.
1481
List the prime factors of 65224.
2, 31, 263
What are the prime factors of 19614?
2, 3, 7, 467
List the prime factors of 8253.
3, 7, 131
What are the prime factors of 604?
2, 151
List the prime factors of 6270.
2, 3, 5, 11, 19
What are the prime factors of 20666?
2, 10333
What are the prime factors of 34779?
3, 11593
List the prime factors of 6870.
2, 3, 5, 229
What are the prime factors of 4182?
2, 3, 17, 41
List the prime factors of 105505.
5, 21101
List the prime factors of 6884.
2, 1721
What are the prime factors of 11146?
2, 5573
List the prime factors of 5715.
3, 5, 127
List the prime factors of 138.
2, 3, 23
What are the prime factors of 2494?
2, 29, 43
What are the prime factors of 761?
761
List the prime factors of 9658.
2, 11, 439
List the prime factors of 477.
3, 53
List the prime factors of 20639.
20639
What are the prime factors of 4689?
3, 521
What are the prime facto